the prime factors of o.
49177
Let d(g) = 429*g - 274. Suppose 2*t + 5*m - 3 = 0, 5*m = 6*t - 2*t - 21. What are the prime factors of d(t)?
2, 7, 103
What are the prime factors of (-4)/(-18) + (-12 - 1713924/(-162))?
2, 1321
Suppose 31*o - 534286 + 98953 = 0. What are the prime factors of o?
3, 31, 151
Suppose -5*y - 11340 = -5*f, -2*y + 4*y - 6 = 0. List the prime factors of f.
3, 757
Suppose 4*g + 138 = 5*d, -3*d + 0*d - 4*g + 70 = 0. Suppose 0 = -23*o + d*o - 1608. What are the prime factors of o?
2, 67
What are the prime factors of 170 + 30495 - (0 + 11)?
2, 3, 13, 131
Let u(m) = 118*m - 73. Let a be u(11). Suppose -z + 6*z = 2*j + 1237, 5*z - a = 5*j. What are the prime factors of z?
3, 83
Let w = 447 + 457. Suppose -w - 1511 = -21*h. List the prime factors of h.
5, 23
List the prime factors of ((-252)/105)/(-2 + 12/5) + 16081.
5, 643
Let q = 13710 - 10390. List the prime factors of q.
2, 5, 83
Let s = 22 + -97. Suppose 6*t - p - 3*p - 938 = 0, -281 = -2*t - 5*p. Let a = s + t. What are the prime factors of a?
2, 3, 13
Let r(h) = -10 + h**2 - 28 - 2 + 5 + 18*h. Let s be r(-18). What are the prime factors of 1077/21 + -2*(-5)/s?
3, 17
Suppose 14*b - 7900 = -6*b. Suppose -w + 4*y + 490 = -b, 2*w = -3*y + 1770. List the prime factors of w.
3, 5, 59
Suppose -37*n + 39*n + t - 8082 = 0, 0 = -4*n - 5*t + 16176. What are the prime factors of n?
7, 577
Suppose -360 = 3*s - m, -12*s + 7*s + 4*m - 607 = 0. List the prime factors of (6970/s)/(2/(-14)).
2, 5, 41
Suppose -5*q = -23*g + 27*g - 9730, 0 = 2*q + 2*g - 3890. List the prime factors of q.
2, 3, 5, 13
Let d = 179 + -179. Suppose 2127 = 4*q + 5*m, -2*m + d*m = q - 531. What are the prime factors of q?
13, 41
Suppose 0 = 2*l + 32 - 32. Let o = l - -3. Suppose 2*g = -o*g + 495. List the prime factors of g.
3, 11
Suppose -35*l - 8*l = -27821. Let b = 1584 - l. List the prime factors of b.
937
Suppose 3*o + 15 = 0, 5*p + o = 6*o - 10260. Let j = -872 - p. List the prime factors of j.
3, 5, 79
Suppose 0 = -5*u + 66 + 44. Let c = -20 + u. What are the prime factors of 0 - (16/(c - 4) - -1)?
7
Suppose -23*a + 210943 = -578164. What are the prime factors of a?
11, 3119
Suppose -24*c = -55 - 41. Suppose -4*q + 724 = -c*y, 9 = 6*y - 3*y. List the prime factors of q.
2, 23
Let h be (5/((-45)/456))/(6/(-27)). Suppose -2*d + h = y, 5*d + 357 = 3*y - 272. List the prime factors of y.
2, 109
Suppose 62*s - 424935 = 27*s. What are the prime factors of s?
3, 19, 71
Suppose -1233 = 6*k - 15*k. Suppose -4*c + k + 847 = 0. What are the prime factors of c?
2, 3, 41
Suppose 3*u + 10 = 2*i - 3, -u = 3*i - 3. Suppose -5*v - i*p - 1402 = -5640, -v = -3*p - 834. What are the prime factors of v?
2, 3, 47
Let o be (2/6)/((-16)/31344). Let j = 979 + o. What are the prime factors of j?
2, 163
Let b(j) = 570*j + 9. Let g be b(8). Let v be 6/36 - g/(-18). Let c = 364 - v. List the prime factors of c.
2, 5, 11
Let n = 53 + 6537. What are the prime factors of n?
2, 5, 659
Suppose 3*l = -8*t + 10*t + 37, -20 = 4*t. Suppose -l*f - 4*f + 17082 = 0. List the prime factors of f.
2, 3, 73
Let r = 1040 - 611. List the prime factors of r + 9 + -6 - 2.
2, 5, 43
Suppose -3*d - 42*t + 28059 = -46*t, -4*d - 5*t + 37412 = 0. What are the prime factors of d?
47, 199
Let h be 9/(-7) - (3 - 69/21). Let q be ((-22)/(-6) + -4)*(h + 4). List the prime factors of 1458/45 + q + (-3)/(-5).
2
List the prime factors of -58 + 85593 - ((-6)/(-12))/(1/(-18)).
2, 17, 37
Let c(q) = q**2 + 9*q + 2. Let h be c(-9). Suppose 0 = -3*n + 5*z + 37, -h*n = 3*z - z + 2. Suppose n*m + 1 = -3, 3*m = -5*s + 87. List the prime factors of s.
2, 3
Let x be (-4 - (1 - 3))*-1 - 1. Let i be -1*((2 - 2) + -1)/x. List the prime factors of (i + 127)*(-1)/(-1).
2
Let d = 501 - 504. What are the prime factors of (-585)/(-15)*(d + 332/12)?
2, 13, 37
Let o be 4 - -5*(-12)/30. Suppose -4*p + 1065 - 35 = -o*j, -2*p + 4*j + 524 = 0. List the prime factors of p.
2
Suppose 0 = 2*o - 2*o - o. Suppose o = -f - 0. Suppose -4*p + 342 = -2*w, 2*p - 3*w - 181 = -f*w. What are the prime factors of p?
83
Suppose -2*t - 3*v + 80833 = 0, 0 = 3*t + 3*v - 21749 - 99514. List the prime factors of t.
2, 5, 13, 311
Suppose -k + 2395 = m - 5*k, -11996 = -5*m - k. Suppose 6*v - m = 4261. What are the prime factors of v?
2, 3, 5, 37
Let b(y) = y**2 - 554*y - 6670. Let s be b(-12). Suppose -99 = -v + 5*j - 16, j + 4 = 0. Suppose 0 = -v*u + 62*u + s. List the prime factors of u.
2, 61
Let o(g) = 35*g**3 - 4*g**2 + 14*g - 28. Let l be o(8). What are the prime factors of l/92 + (-18)/(-207)?
193
Let k(z) = 16*z**2 + 35*z - 1659. What are the prime factors of k(43)?
2, 3, 5, 109
Let a(z) = 246*z**2 - 45*z + 276. What are the prime factors of a(6)?
2, 3, 7, 211
Suppose 5*x - 4*v + 0 = -4, 5 = 2*x + 5*v. Suppose x = -4*w - 64 - 40. List the prime factors of (-2405)/w - (-1)/2.
3, 31
List the prime factors of 67882/10 - 6*20/(-150).
3, 31, 73
Let y = -147125 + 232209. List the prime factors of y.
2, 89, 239
Let i be 0 - (-1 - (-50)/(-1)). Let v = -865 + 873. Suppose -v = o - i. What are the prime factors of o?
43
Suppose -131*i + 298*i - 7630564 = 0. List the prime factors of i.
2, 11423
Let h(m) = -m - 13. Let q be h(-13). Suppose -5*n - r = -430, q = 4*n - 5*r - 0*r - 315. What are the prime factors of n?
5, 17
Suppose -3*l = -o + 41, 2*l = o - 72 + 26. Let x(d) = d**2 + d + 29. Let i be x(0). Suppose z - o = i. What are the prime factors of z?
5, 17
Suppose -4*t - 3345 = 11*t. Let d = 372 + t. What are the prime factors of d?
149
Let g = -653 + 648. List the prime factors of -2*(-20)/(-8)*859/g.
859
List the prime factors of ((-252)/441)/((2/(-20489))/1).
2, 2927
Let a = 2841 + -1829. Suppose a = -15*p + 19*p. List the prime factors of p.
11, 23
Suppose -j + 2*w - 558 = -5756, -j + 5186 = 4*w. What are the prime factors of j?
2, 7, 53
Let u = 16 + -7. Let g = 77 - u. Let h = g + -43. What are the prime factors of h?
5
Suppose 0 = 10*y - 8*y + 132. Let x = 62 + y. Let c(w) = 7*w**2 + 5. What are the prime factors of c(x)?
3, 13
Let g(s) = 2*s**3 + 20*s**2 - 3*s - 27. Suppose -24*z + 31*z + 56 = 0. What are the prime factors of g(z)?
11, 23
Let j(z) = -6*z - 17. Let k be j(-4). Suppose k*c + 30 + 26 = 0. List the prime factors of 61 + (-36)/c*(-4)/6.
2, 29
Suppose 4*h = 4*y - 43940, 3*h - 41612 = -5*y + 13353. What are the prime factors of y?
2, 5, 7, 157
Suppose -144 = 80*g - 83*g. Let m = g + -52. What are the prime factors of ((-177)/2 - 16/m)*-2?
13
Suppose 13*c = 24*c - 33. What are the prime factors of c/(-2) + (-1732)/(-8)?
5, 43
Suppose 529226 = 10*f + 2*v - 50888, -4*f - 2*v = -232042. What are the prime factors of f?
2, 14503
List the prime factors of (-280)/(-80)*(-15192)/(-7).
2, 3, 211
List the prime factors of (-2963)/(7 - -10*20/(-25)).
2963
Let b = -10657 + 18966. List the prime factors of b.
7, 1187
Suppose c + 5*r - 7264 = 0, -c + 5*r = -3985 - 3289. List the prime factors of c.
3, 2423
Suppose -3*s + 23 = 3*x - 8*s, -x + 4*s + 3 = 0. Suppose -x*p - 1990 = -16*p. List the prime factors of p.
2, 199
Suppose -12 = 5*m - 9*m, -5*s + 2*m + 9 = 0. What are the prime factors of 32/s*(-14235)/(-130)?
2, 73
Suppose 103302 + 7939 = 13*n. List the prime factors of n.
43, 199
Suppose 430 + 3100 = z. List the prime factors of z.
2, 5, 353
Let p = 6208 - 1574. What are the prime factors of p?
2, 7, 331
Suppose 55*w = 44*w + 264. Suppose 0 = w*i + 14*i - 18848. List the prime factors of i.
2, 31
Let x(z) = 37*z - 627. Let l be x(17). Suppose -81 = -2*n + 3*t, 0 = -3*n + 3*t + 105 + 15. Suppose -l*r = -n - 51. List the prime factors of r.
3, 5
Suppose 0 = 3*a - 3*w - 12, 5*a = 4*a + 3*w. Suppose a*b - 99 = 177. Let t = 53 - b. List the prime factors of t.
7
Let d = 296 + -296. Suppose 5*t + 2265 = 3*l, 2*l - 5*t - 1505 = -d*l. What are the prime factors of l?
2, 5, 19
Suppose 34*h - 42*h + 88 = 0. Suppose -13*m + h*m = -3622. What are the prime factors of m?
1811
Let m(n) be the first derivative of -3*n**4/4 + 43*n**3/3 + 7*n**2 - 34*n + 72. List the prime factors of m(12).
2, 571
Let m(f) = 36*f**2 + 586*f + 25. What are the prime factors of m(-32)?
7, 2591
Let j(r) = r**3 - 3*r**2 - 4*r. Let t be j(4). List the prime factors of 298 - (0 + t + 5/(-5)).
13, 23
Suppose -27*c + 1 = -26*c. Let a be ((-22)